Let l(s) = s - 7. Give l(2).
-5
Let d(l) = -3*l**2 - 4*l + 7. Give d(-6).
-77
Let q(r) = -r - 3. Give q(-6).
3
Let j(t) = -t**2 + 36*t + 34. Determine j(37).
-3
Let q(d) = 10*d - 450. What is q(45)?
0
Let t(j) = j**2 + 20*j - 81. Calculate t(-27).
108
Let i(v) = -4*v + 15. Determine i(5).
-5
Let p(h) = -h**2 + 4*h - 3. What is p(7)?
-24
Let c(l) = l**3 - 11*l**2 + 7*l + 8. Calculate c(10).
-22
Let j(y) = -y**3 - 5*y**2 - y - 3. What is j(-5)?
2
Let t(f) = -6*f**2 - 4*f. Give t(-3).
-42
Let w(u) = -u**2 + 3*u - 9. Determine w(6).
-27
Let n(w) = 2*w**2 + w - 9. Give n(0).
-9
Let v(y) = y**3 + 17*y**2 - 37*y + 14. What is v(-19)?
-5
Let o(b) = b**2 + 12*b + 25. Calculate o(-5).
-10
Let a(k) = -k + 24. Calculate a(18).
6
Let c(z) = z**2 - 21*z + 105. Calculate c(11).
-5
Let t(h) = -h**3 - 18*h**2 + 38*h - 31. What is t(-20)?
9
Let z(d) = 19*d - 119. Give z(7).
14
Let i(p) = 2*p**2 - 6*p + 6. What is i(4)?
14
Let b(z) = z**3 - 9*z**2 + 7*z - 1. Calculate b(8).
-9
Let f(r) = r**2 + 18*r - 87. What is f(-22)?
1
Let u(x) = x**3 - 10*x**2 + 6*x + 8. Give u(9).
-19
Let h(g) = -4*g + 11. Determine h(0).
11
Let m(n) = n**3 + 6*n**2 - 7*n + 4. Determine m(-7).
4
Let n(m) = 2*m + 1. Calculate n(-3).
-5
Let k(a) = 6*a + 3. Give k(6).
39
Let f(m) = -m**2 + 5*m + 1. Give f(8).
-23
Let v(d) = -d**3 - 4*d**2 - 3*d - 5. Calculate v(-3).
-5
Let w(x) = 2*x**2 + 22*x. Give w(-11).
0
Let g(p) = -2*p**2 + 35*p - 23. What is g(16)?
25
Let f(l) = -l**3 - 35*l**2 + 37*l + 30. What is f(-36)?
-6
Let s(z) = z**2 + 14*z - 38. What is s(-15)?
-23
Let f(k) = -3*k - 10. Determine f(3).
-19
Let d(p) = p**3 + 6*p**2 + 2*p - 8. What is d(-5)?
7
Let q(v) = 5*v + 2. What is q(-8)?
-38
Let k(p) = -p**3 - 2*p**2 + 15*p - 6. What is k(3)?
-6
Let r(f) = f**3 + 8*f**2 - 3*f - 73. Give r(-7).
-3
Let f(z) = -z**2 - 12*z - 17. Give f(-11).
-6
Let d(w) = 2*w**2 + 12*w + 9. What is d(-4)?
-7
Let r(p) = p**2 - 2*p - 4. Calculate r(3).
-1
Let j(h) = -8*h + 25. Give j(10).
-55
Let w(i) = i**3 - 6*i**2 + 7*i - 5. Give w(5).
5
Let g(i) = -i**2 - 42*i - 339. Calculate g(-11).
2
Let f(a) = -a**2 + a. Give f(1).
0
Let b(g) = 6*g**2 + 4*g. What is b(3)?
66
Let l(i) = -20*i - 29. Determine l(-3).
31
Let m(y) = -4*y + 30. Determine m(12).
-18
Let p(d) = 28*d - 704. What is p(25)?
-4
Let n(k) = -3*k**2 - 2*k - 2. What is n(-2)?
-10
Let v(w) = 5*w + 17. Give v(-4).
-3
Let q(t) = t**3 + 6*t**2 + 14*t + 39. Give q(-5).
-6
Let q(f) = f**2 - 3*f - 10. What is q(5)?
0
Let t(r) = -r**2 + 6*r - 6. What is t(3)?
3
Let a(f) = f**2 + f - 5. Determine a(2).
1
Let t(b) = -6*b. Determine t(1).
-6
Let m(k) = -k - 7. What is m(18)?
-25
Let i(w) = -w**3 + 8*w**2 - 6*w + 2. Determine i(6).
38
Let k(l) = l**3 - 17*l**2 + l - 25. Calculate k(17).
-8
Let i(h) = 3*h**2 + 70*h + 31. Determine i(-23).
8
Let w(l) = l**2 - 7*l + 2. What is w(-6)?
80
Let i(z) = -z**3 + 2*z**2 + z + 3. Determine i(3).
-3
Let n(b) = -3*b**2 + 4*b - 2. Determine n(2).
-6
Let x(t) = -3*t + 7. Determine x(2).
1
Let f(a) = -25*a - 118. What is f(-6)?
32
Let n(q) = -q**3 + 10*q**2 + 15*q - 15. What is n(11)?
29
Let r(m) = 16*m + 9. Calculate r(-2).
-23
Let i(h) = h**3 - 8*h**2 - 6*h - 4. What is i(8)?
-52
Let m(t) = t**2 + 5*t + 1. What is m(-6)?
7
Let j(v) = v**3 + 8*v**2 + v + 1. Calculate j(-8).
-7
Let l(d) = 5*d + 56. What is l(-11)?
1
Let v(o) = -5*o + 6. Give v(3).
-9
Let u(x) = 6*x + 3. What is u(-4)?
-21
Let p(l) = -l**2 - 2*l - 7. What is p(3)?
-22
Let r(s) = s**2 + 10*s - 8. Determine r(-8).
-24
Let w(l) = -l**3 + 13*l**2 - 5*l + 3. Calculate w(12).
87
Let n(k) = 8*k**2 + 5*k + 7. Determine n(-2).
29
Let c(t) = t**3 + 5*t**2 - 6*t - 4. Give c(-6).
-4
Let n(l) = 4*l**2 + l. Calculate n(1).
5
Let d(x) = 2*x**3 + 4*x**2 - 8*x - 42. Give d(-5).
-152
Let g(t) = -10*t - 111. Calculate g(-12).
9
Let d(n) = -160*n + 308. Calculate d(2).
-12
Let z(f) = 21*f**3 - 4*f**2 - 5*f - 2. Give z(-1).
-22
Let i(p) = -37*p - 5. Determine i(-2).
69
Let f(k) = -k + 11. What is f(6)?
5
Let g(d) = -d**3 - 10*d**2 + d - 6. Determine g(-10).
-16
Let a(c) = c**3 + 6*c**2 - 41*c - 6. Give a(-10).
4
Let w(h) = -h - 13. What is w(-11)?
-2
Let s(x) = -22*x - 1. Calculate s(-1).
21
Let p(j) = -j**2 - 1. Calculate p(0).
-1
Let p(f) = f**3 + 2*f**2 + 7*f + 6. Determine p(-5).
-104
Let r(q) = -q**3 - 4*q**2 + 5*q - 6. Calculate r(-5).
-6
Let g(y) = -2*y + 60. What is g(27)?
6
Let x(y) = y**2 + 2*y + 1. Give x(0).
1
Let a(u) = -7*u - 2. Determine a(3).
-23
Let v(j) = -14*j + 3. Give v(1).
-11
Let j(l) = -2*l**2 + 9*l - 4. Calculate j(7).
-39
Let q(x) = 3*x + 17. Determine q(-12).
-19
Let h(x) = -2*x**3 + 11*x**2 - 2*x + 2. What is h(5)?
17
Let n(u) = u**2 + 44*u + 42. Determine n(-1).
-1
Let j(l) = -l**3 + l**2 + 2*l + 4. What is j(4)?
-36
Let a(j) = -7*j - 24. Determine a(-3).
-3
Let k(a) = -2*a - 1. What is k(6)?
-13
Let b(c) = -2*c**3 - 5*c**2 + 8. What is b(-2)?
4
Let z(a) = a**3 - 10*a**2 + a - 9. Determine z(10).
1
Let g(w) = -11*w + 32. Give g(3).
-1
Let k(c) = -22*c + 168. Give k(5).
58
Let g(l) = l**2 - 5*l - 31. What is g(-4)?
5
Let m(x) = -2*x**2 - 27*x - 32. Calculate m(-11).
23
Let j(a) = 5*a + 2. Calculate j(-7).
-33
Let n(a) = a**2 + 6*a + 8. Give n(-6).
8
Let q(w) = -w**2 - 8*w - 13. Give q(-7).
-6
Let s(z) = z**3 + z**2 - 2*z. What is s(-3)?
-12
Let j(o) = o**2 - 17*o + 14. What is j(15)?
-16
Let w(f) = -6*f**2 + 6*f + 2. Calculate w(2).
-10
Let j(a) = -2*a + 8. Determine j(1).
6
Let k(c) = c**2 - 11*c - 6. Determine k(12).
6
Let k(v) = -4*v**2 - 2*v - 1. Give k(2).
-21
Let y(o) = 2*o - 10. Give y(10).
10
Let a(q) = -2*q**2 - 7*q - 5. Give a(-4).
-9
Let a(d) = -5*d - 43. Determine a(-8).
-3
Let y(n) = -14*n - 5. What is y(3)?
-47
Let h(z) = -2*z**2 - 8*z + 4. What is h(-4)?
4
Let t(h) = -h + 31. Calculate t(4).
27
Let l(h) = -7*h**2 + 8*h + 1. Give l(1).
2
Let g(b) = -2*b**2 - 8*b - 11. What is g(-3)?
-5
Let j(p) = -p**2 + 5*p - 4. Give j(4).
0
Let v(r) = 7*r + 7. Give v(-5).
-28
Let u(a) = a**2 - 4*a + 3. Calculate u(5).
8
Let z(w) = -2*w**3 - 14*w**2 + 36*w - 7. Give z(-9).
-7
Let g(w) = 2*w**2 + 15*w - 171. Calculate g(6).
-9
Let d(z) = 20*z + 4. Calculate d(-4).
-76
Let v(d) = -d**3 + 2*d**2 - 3*d - 2. What is v(3)?
-20
Let f(t) = 5*t - 2. Give f(-2).
-12
Let s(k) = k**3 + k**2 - 8*k - 11. Give s(-3).
-5
Let y(r) = -r**3 + 6*r**2 + r - 6. Calculate y(6).
0
Let g(f) = f**3 - 11*f**2 + 4*f + 6. Determine g(11).
50
Let b(y) = -y**2 + 16*y - 2. Determine b(15).
13
Let w(j) = -6*j + 6. What is w(3)?
-12
Let n(j) = -8*j - 176. What is n(-22)?
0
Let g(f) = 8*f**3 - 2*f**2 - 5*f - 3. Calculate g(-1).
-8
Let y(r) = -6*r - 3. What is y(0)?
-3
Let c(f) = -8*f**2 - f + 1. Give c(1).
-8
Let d(x) = -x**3 - 7*x**2 - 2*x + 3. Calculate d(-3).
-27
Let c(u) = u**3 + 6*u**2 + 3*u - 7. Determine c(-5).
3
Let l(r) = -r**3 - 6*r**2 - r - 6. What is l(-3)?
-30
Let t(n) = 14*n**3 + n - 2. Give t(1).
13
Let v(f) = 13*f**2 - 1. Calculate v(1).
12
Let i(h) = h**3 + 17*h**2 - 18*h - 5. Determine i(-18).
-5
Let d(j) = j**3 - 8*j**2 + 8*j - 15. What is d(7)?
-8
Let m(p) = 27*p + 32. Determine m(-2).
-22
Let w(j) = -4*j - 42. Give w(-7).
-14
Let n(h) = h**2 + 6*h - 8. Give n(-6).
-8
Let n(q) = q - 17. Determine n(20).
3
Let o(y) = y + 1. What is o(11)?
12
Let f(r) = -r + 3. What is f(-8)?
11
Let m(z) = z**2 + 51*z + 187. Determine m(-4).
-1
Let j(v) = -v**2 + 5*v - 1. What is j(6)?
-7
Let z(g) = 4*g - 15. Determine z(13).
37
Let h(q) = -6*q**2 + 4*q + 4. Give h(2).
-12
Let j(i) = -i**3 + 11*i**2 - 10*i - 6. What is j(10)?
-6
Let b(a) = -60*a**2 - 4*a - 3. What is b(-1)?
-59
Let m(n) = n**3 + 17*n**2 + 15*n - 76. Calculate m(-16).
-60
Let r(q) = -14*q + 398. Determine r(29).
-8
Let c(j) = -j**3 - 6*j**2 - 5*j + 4. What is c(-5)?
4
Let q(g) = -g**3 + 13*g**2 + 116*g - 1. What is q(-6)?
-13
Let f(t) = -t**3 - 8*t**2 + 4*t + 50. Give f(-7).
-27
Let f(p) = p**2 - 15*p + 40. Determine f(5).
-10
Let b(v) = v**2 - 19*v + 49. Calculate b(14).
-21
Let m(z) = z**3 + 14*z**2 + 8*z - 13. Give m(-13).
52
Let h(p) = p**2 + 29*p - 392. Calculate h(10).
-2
Let o(n) = -12*n - 47. Determine o(-16).
145
Let u(j) = -j**3 + 4*j**2 - 3*j + 6. Give u(4).
-6
Let y(j) = 10*j - 68. What is y(7)?
2
Let h(d) = d**2 - 3*d + 2. Calculate h(-3).
20
Let k(o) = -11*o**2 - o - 1. Give k(-1).
-11
Let d(g) = -g**2 + 31*